365 - 2383?
3872
In base 13, what is -48305a + -47?
-4830a4
In base 2, what is -111 - 1001110111001010000111111?
-1001110111001010001000110
In base 9, what is -423058 + -1372?
-424441
In base 15, what is 1b94b936 + -5?
1b94b931
In base 3, what is 212001102110 - -1200122?
212010010002
In base 5, what is -41141332000 - 4?
-41141332004
In base 11, what is -141463229 - -2?
-141463227
In base 3, what is -10012102 - 20201120?
-100220222
In base 10, what is 29580919 + 0?
29580919
In base 6, what is 53201521300 - 3?
53201521253
In base 15, what is 2668b7c - 10?
2668b6c
In base 8, what is 16 - -14714624?
14714642
In base 4, what is -30332003 + -1132?
-30333201
In base 8, what is -1 + -6366736?
-6366737
In base 5, what is -344 - -1114103?
1113204
In base 7, what is -11 - -3043101?
3043060
In base 11, what is -1863 - 4439?
-61a1
In base 11, what is -549768 + 184?
-549594
In base 10, what is 5329 - 12140?
-6811
In base 16, what is -5acd0 + -c1?
-5ad91
In base 11, what is -39856811 - -3?
-39856809
In base 15, what is -29 + -3b9c8a?
-3b9cb4
In base 5, what is -144020 - 11204?
-210224
In base 4, what is 3212331223211 - -112?
3212331223323
In base 2, what is -11 - -100000111010110101000110?
100000111010110101000011
In base 8, what is 22 + 31440?
31462
In base 12, what is -889 - 85b12?
-8679b
In base 16, what is 511 - 2362?
-1e51
In base 8, what is 242504 + 2623?
245327
In base 8, what is -1075300124 - 3?
-1075300127
In base 9, what is -607716 - 88?
-607815
In base 6, what is -15133 - -15150?
13
In base 6, what is -22234 + 254?
-21540
In base 9, what is 104834778 - -23?
104834812
In base 15, what is 7 + 4c87a?
4c882
In base 4, what is -12221 + -3333230?
-10012111
In base 7, what is 421041 + 114?
421155
In base 5, what is -214302431311 + -3?
-214302431314
In base 13, what is c4 + 8a1a?
8b11
In base 7, what is 532606 - 1542?
531034
In base 15, what is -168 - -236c0?
23557
In base 7, what is 500 + -3434053?
-3433253
In base 3, what is -121 + 2200111200102?
2200111122211
In base 8, what is -257 - -71027?
70550
In base 7, what is 5002 + -5513?
-511
In base 12, what is -68b38b7b - 3?
-68b38b82
In base 11, what is 28541 + 3405?
30946
In base 11, what is 2785016 + -8?
2785009
In base 5, what is -102211340 + 10102?
-102201233
In base 16, what is -1fb98cf + 0?
-1fb98cf
In base 3, what is -12 + 122112112010020?
122112112010001
In base 12, what is -1b40 - 604?
-2544
In base 8, what is -22216170 - -10?
-22216160
In base 11, what is -724 - -28a3?
217a
In base 6, what is -114404 - -210552?
52144
In base 8, what is -7 + -677741?
-677750
In base 10, what is -506 + 903763?
903257
In base 11, what is -3 + 6242a234?
6242a231
In base 13, what is 266a + -35b78?
-3350b
In base 7, what is -2 - 4423366?
-4423401
In base 3, what is 1220101 - -10110210?
12101011
In base 12, what is 417 + 45b53a?
45b955
In base 2, what is -101010111 + -110001000011001?
-110001101110000
In base 3, what is -101100102 - 10002212?
-111110021
In base 13, what is -1c2c97 - -1a6?
-1c2ac1
In base 9, what is -20048 - 268?
-20327
In base 13, what is 3 + 26188c5?
26188c8
In base 13, what is -19434c6 - 2c?
-1943525
In base 4, what is -33131001300031 + -3?
-33131001300100
In base 4, what is 12002 + -10220030?
-10202022
In base 7, what is 5 + -364534360?
-364534352
In base 15, what is -4 + -42c146?
-42c14a
In base 3, what is 11 - 211110200212100002?
-211110200212022221
In base 15, what is -1181 + ae7?
-589
In base 15, what is 5 + -8ade3d7?
-8ade3d2
In base 7, what is -11656364 + 4?
-11656360
In base 3, what is -102211 - -210002112?
202122201
In base 2, what is -1110001100001000 - -101100001?
-1110000110100111
In base 2, what is -1111001100110011100001010111 - 100?
-1111001100110011100001011011
In base 5, what is 14113 - 30133404?
-30114241
In base 6, what is -2050 + 1013412?
1011322
In base 15, what is 51e + 1ea80?
2009e
In base 6, what is 221153 + 54521?
320114
In base 4, what is -13 - -2301203201113?
2301203201100
In base 3, what is -1201 + 2121111221212?
2121111220011
In base 4, what is -3 - 311320221223?
-311320221232
In base 14, what is 8 + 3401748?
3401752
In base 12, what is -3459 + -103?
-3560
In base 13, what is -baa9004c - -2?
-baa9004a
In base 4, what is -131 + -3110110002?
-3110110133
In base 12, what is 2 - 2b13955?
-2b13953
In base 7, what is -13132110 - 6?
-13132116
In base 15, what is -1224601 - 11?
-1224612
In base 4, what is 2031210130 + -21?
2031210103
In base 7, what is 6 - -3234524?
3234533
In base 11, what is 32639 - -400?
32a39
In base 11, what is -262 - 9808?
-9a6a
In base 10, what is 658 - 30513?
-29855
In base 4, what is -2100003323011 + -33?
-2100003323110
In base 4, what is -10 + 10313330132?
10313330122
In base 12, what is -3 + -13591152?
-13591155
In base 3, what is -10001120120001 - -100?
-10001120112201
In base 10, what is -50355 - 84?
-50439
In base 16, what is 19f415 + -28?
19f3ed
In base 15, what is -398a2e2 + -2?
-398a2e4
In base 14, what is -7062b9 - 0?
-7062b9
In base 13, what is b1 + 4b313?
4b3c4
In base 3, what is -20011110 + 21200120?
1112010
In base 7, what is 1 + -145424506?
-145424505
In base 7, what is 5452 + 654515?
663300
In base 16, what is 30 + 52662?
52692
In base 6, what is -31 - -32240521?
32240450
In base 11, what is -52a7861a - -3?
-52a78617
In base 10, what is -5 - -3176392?
3176387
In base 8, what is 12430261117 - 4?
12430261113
In base 5, what is 2042133441 - 1?
2042133440
In base 4, what is -20 + -320323333232?
-320323333312
In base 16, what is -170fae + ab?
-170f03
In base 7, what is -12 - 4002435?
-4002450
In base 13, what is cb + -31bbc3?
-31bac5
In base 3, what is -1222220210021 + 100212?
-1222220102102
In base 15, what is 1a + -c8068?
-c804d
In base 10, what is -1221 + -2269?
-3490
In base 8, what is 1511245551 - 5?
1511245544
In base 2, what is 1100111001 + 11010000001010?
11011101000011
In base 3, what is 1012111202 - 100220?
1012010212
In base 9, what is -5224247 - -157?
-5224080
In base 13, what is 34 - -1b47a60?
1b47a94
In base 13, what is 3446 + -2aca?
649
In base 9, what is -511 - -36633?
36122
In base 2, what is 1100000011101110110000010 + 0?
1100000011101110110000010
In base 3, what is -222220012212 - 10?
-222220012222
In base 4, what is 13303 + -12223010?
-12203101
In base 12, what is -1b149a2 - 0?
-1b149a2
In base 8, what is -511 - -2635565?
2635054
In base 15, what is 3 - -10a63b?
10a63e
In base 8, what is 3 - -15312171?
15312174
In base 15, what is -348 + b3e95?
b3b4c
In base 15, what is -41b31 - -24?
-41b0c
In base 3, what is -1001 + -22112012122210?
-22112012200211
In base 11, what is 103 + -36413?
-36310
In base 14, what is -c1d - c35?
-1a54
In base 8, what is -3 - -23134073?
23134070
In base 16, what is a8f4a - 10f?
a8e3b
In base 12, what is -371 + 709545?
709194
In base 14, what is -3 + 12c980?
12c97b
In base 4, what is -2121 - -220212220?
220210033
In base 15, what is 6 - 47a949?
-47a943
In base 5, what is 1 - 241204114143?
-241204114142
In base 15, what is 2 - -cd19d46?
cd19d48
In base 16, what is 237b3b - -21?
237b5c
In base 10, what is -41 - -164688?
164647
In base 13, what is 3 + -10bc4b?
-10bc48
In base 12, what is -5 - -1b94619?
1b94614
In base 15, what is 8c4b - 4a?
8c01
In base 2, what is 1101 + 10000110001110010110111?
10000110001110011000100
In base 6, what is 54322 + 1055?
55421
In base 15, what is -195 + b509?
b364
In base 10, what is -59238552 + 4?
-59238548
In base 4, what is -311130233002122 - 0?
-311130233002122
In base 8, what is 6336262611 - -4?
6336262615
In base 7, what is -5323602 - 45?
-5323650
In base 7, what is 52356641 - 21?
52356620
In base 3, what is -1212 + 212001021?
211222102
In base 5, what is -13 + 41003120?
41003102
In base 2, what is -100 - 10010000100010000010111?
-10010000100010000011011
In base 5, what is -4012331 + -411?
-4013242
In base 5, what is 3234011 - -2113?
3241124
In base 9, what is 1 + -13226132?
-13226131
In base 3, what is -20221012 - -102011002?
11012220
In base 7, what is -12 + -503116541?
-503116553
In base 2, what is 1101101100000011101 + -110010111?
1101101011010000110
In base 9, what is -135 + 1372207?
1372062
In base 15, what is 2eb - 1ac69c?
-1ac3a1
In base 13, what is 2 - a1aa153?
-a1aa151
In base 16, what is 85abf - -91?
85b50
In base 5, what is 104131314 + -20?
104131244
I